se 2*u - 3*l - 27 = 0, -5*u + 143 = l + 33. Calculate the highest common factor of n and u.
21
Let x be (-6)/39 + 981/39. Let j = 80 - x. Let h be 2/(-2)*-5 - 0. What is the greatest common factor of j and h?
5
Let x(n) = n**2 - n - 16. Let m be x(5). Suppose -m*c - 1188 = -7*c. What is the greatest common divisor of c and 36?
36
Suppose -4*p = -0*p - 64. Suppose -u + 0*r + p = -2*r, -2*r - 42 = -2*u. Let a = 200 + -135. What is the highest common factor of u and a?
13
Let l(f) = 6*f + 10. Let r(q) = q**2 - 3*q - 8. Let w be r(-2). Let x be l(w). What is the greatest common divisor of x and 154?
22
Let s(z) = 2*z**2 + 10*z - 6*z**2 + 13 + 13*z**2 + 9*z**2. Let y be s(-4). Calculate the highest common factor of y and 29.
29
Let f(j) = 7*j - 4. Let s be f(6). Suppose 0*a + 3*v = 5*a - 104, 2*a = 2*v + 40. Let q = s - a. What is the greatest common divisor of q and 8?
8
Suppose 6*q - 11*q = 3*w - 214, 2*q + 336 = 5*w. Calculate the highest common factor of w and 289.
17
Let q = 11 - -1. Let o = -4 + 28. Let g be 33 + ((-1)/(-3) - o/(-9)). What is the highest common divisor of q and g?
12
Suppose -7*g = -8*g + 3. Suppose 0 = t - x + 2 - 6, -x - 22 = -g*t. What is the highest common factor of t and 1?
1
Let j(i) be the third derivative of i**5/60 + 11*i**4/24 + i**3 + 7*i**2. Let q be j(-12). Calculate the greatest common divisor of q and 45.
9
Suppose -v = -4*h + 1, -3*h = -3*v + 4*v - 34. What is the highest common factor of v and 1273?
19
Let y(k) = 2*k - 2. Let i be y(2). Let h(x) = -x**3 - 7*x**2 - 5*x + 6. Let u be h(-6). Let b = i + u. Calculate the greatest common divisor of 12 and b.
2
Let t be 4*(34/8 - (-3 + 5)). Let x = -15 - -33. What is the highest common divisor of x and t?
9
Suppose 2*n + 2*n + 16 = 0. Let q be n/(-16) + 14/8. Suppose -2*l + l = -10. Calculate the greatest common divisor of l and q.
2
Suppose r = -r + 4. Suppose 4*n + 94 = 114. Calculate the greatest common divisor of n and r.
1
Let d = 29 - -10. Let k = 42 - d. Suppose 3*c - 4*c + 2 = 0. What is the highest common divisor of k and c?
1
Let g = 222 - 188. What is the greatest common factor of 34 and g?
34
Let j(w) = 3*w - 17. Let d be j(11). Let k be 30/(-80) + 806/d. Let t = -105 - -180. Calculate the highest common factor of t and k.
25
Suppose 9 = 5*l - 16. Let b(i) = 7*i**3 - 8*i**2 + 12*i - 13. Let c be b(2). What is the highest common factor of c and l?
5
Suppose -273 + 48 = -9*x. Let k = x + -21. What is the greatest common divisor of 4 and k?
4
Let b = -1715 - -1967. Calculate the highest common divisor of b and 56.
28
Let y be (2/(-4))/(13/78). Let t be 6/(6/4 + y). Let v be 60*1/(-8)*t. What is the highest common factor of 240 and v?
30
Let z(s) = 5*s**2 + 16*s - s**3 - 44*s + 24*s + 4. Let j be z(3). Calculate the highest common divisor of 110 and j.
10
Let m(d) = d**2 + d - 3. Let l = 18 - 9. Let f be m(l). What is the greatest common divisor of 29 and f?
29
Let n be (-1983)/(-8) - 25/(-200). What is the greatest common divisor of 8 and n?
8
Suppose 5*r + 25 = 0, -l + 355 = 4*l + r. Suppose 4*i = 2*t + 12, 2*i + 3*t - 6 = -0*i. Suppose 2*k + 8 = i*k. What is the greatest common divisor of k and l?
8
Let v(g) = 3*g. Let d be v(-10). Let w be ((-1)/3)/(1/d). What is the greatest common factor of 50 and w?
10
Let k be ((-48)/20)/(7/(-560)). What is the greatest common factor of k and 84?
12
Suppose -12 = -2*o - 3*m, o - 2*o + 3*m + 24 = 0. What is the greatest common factor of 324 and o?
12
Suppose 4*d + 2 - 42 = 0. Suppose 0 = 5*j - 2*w - 392, 191 + 113 = 4*j - 4*w. Calculate the greatest common factor of j and d.
10
Let l be (2 + 4)*(-327)/(-436)*(-140)/(-6). Suppose 3*y - 150 = -2*y. Calculate the greatest common divisor of y and l.
15
Suppose 0 = 3*h + g - 67, -3*h - 2*g = -30 - 41. Suppose h = 2*c + 5*c. Let o be (-2)/(((-26)/65)/(9/5)). What is the highest common factor of c and o?
3
Let t(w) = w**3 + 13*w**2 - 25*w + 39. Let a be t(-13). Calculate the greatest common divisor of a and 28.
28
Suppose 2*m - 4*k = -10, 2*m + 13 = 6*k - k. Let h be m/2*(-6 + 1 + 57). Calculate the greatest common divisor of 39 and h.
13
Let u be (3 + 0)/3*4. Suppose -2*o + 3 + 1 = 0, 0 = 2*s - 3*o + u. Suppose q - 17 = -s. What is the greatest common factor of q and 128?
16
Suppose 56 = 3*z + 293. Let v = -47 - z. What is the greatest common factor of v and 8?
8
Suppose 6 = 13*g - 98. Let q(a) = 6*a. Suppose 3*m - 17 = -s + 2*s, -2 = -3*m - 2*s. Let j be q(m). What is the highest common factor of j and g?
8
Let y = 838 - 804. Calculate the highest common divisor of 799 and y.
17
Let w = -32 - -15. Let m = 20 + w. Suppose -3*a - 2*f + 58 = 0, -m*a = 5*f - 6 - 49. Calculate the greatest common divisor of a and 60.
20
Let z = -14 + 4. Let a be (-10)/(-2)*(-6)/z. Let p = 115 + -112. What is the highest common factor of p and a?
3
Suppose 368 = -1080*f + 1084*f. What is the highest common divisor of 115 and f?
23
Suppose 4*z - 204 - 96 = 0. Suppose 0*d = u - 3*d - 276, -5*d - 820 = -3*u. Suppose 8*l - u = -l. What is the greatest common factor of z and l?
15
Let i(q) = q + 2*q**2 - 3*q**2 + 1 + 2 - 11*q**3 - 2. Let c be i(-1). Let j be (-24)/(-9)*(-1 + c). What is the greatest common factor of 36 and j?
12
Let w = -3 - -2. Let y be 1 - ((w - -2) + 0). Let a(j) = -j**2 - j + 45. Let t be a(y). What is the greatest common factor of 9 and t?
9
Suppose -13*s - 9*s + 2794 = 0. What is the greatest common divisor of s and 1?
1
Let y = -44 - -37. Let q(a) = -a**3 - 8*a**2 - 10*a - 10. Let v be q(y). Calculate the highest common divisor of v and 209.
11
Let c(i) = -58*i - 86. Let p be c(-2). Suppose -2*r = -119 - 1. Calculate the greatest common factor of r and p.
30
Suppose 5*q = -0*q. Suppose 8*n + 2186 - 2234 = 0. Suppose q = 2*y + n, 7 = 4*k - 3*y - 22. Calculate the greatest common divisor of 45 and k.
5
Let f(n) = -n**2 - 6*n - 6. Let l be f(-4). Let z be ((-132)/8)/(2/(-4)). Suppose -g + z = l*g. What is the highest common factor of 44 and g?
11
Suppose 2*k - 232 = -3*t, 2*t - 44 = -k + 71. Let s = k + -107. Calculate the highest common factor of s and 60.
12
Let m be (-3752)/(-21) + 30/(-45). What is the greatest common divisor of m and 979?
89
Let r be (3 + -28 + -2)*10/(-3). Let d = -82 + r. Calculate the greatest common factor of 28 and d.
4
Suppose -8*v + 162 = 2. Let l(b) = 19*b + 4. Let z be l(4). Calculate the highest common divisor of v and z.
20
Suppose 12*b - 3*b - 315 = 0. Let o = -44 + 429. What is the greatest common factor of o and b?
35
Suppose 4*w = 950 - 858. What is the highest common divisor of w and 3611?
23
Let n be (10/20*-15)/((-1)/6). Calculate the greatest common factor of 108 and n.
9
Let o be 6*(-40)/(-24) + 20/(-5). Suppose -4*t + 2*t + 108 = 0. Calculate the greatest common divisor of o and t.
6
Suppose 0 = -2*x - 3*a + 2*a + 44, 5*a + 44 = 2*x. Suppose -3*q + 0*q + 396 = 0. What is the greatest common divisor of x and q?
22
Let w = 46 + -52. Let b(f) = -f**3 - 6*f**2 - 4*f + 1. Let x be b(w). What is the highest common divisor of 75 and x?
25
Suppose 3*q = q + 4. Let n(y) = 0 + 5*y**2 + 0*y - 7*y + q - 4. Let j be n(6). What is the highest common factor of 17 and j?
17
Suppose g + 55 = 6*g. Suppose -k = -5*k + 3*h + 41, k - 3*h - 8 = 0. What is the greatest common divisor of g and k?
11
Let q(f) = 33*f**3 + 3*f**2 + 6*f + 3. Let v be q(-1). Let g = v - -37. Calculate the greatest common factor of 52 and g.
4
Suppose 0 = 7*z - 32 - 17. Calculate the highest common divisor of z and 49.
7
Suppose 3*i = 2*n, n + i - 9 = -4. Suppose -25 + 13 = -n*f. Let v = 29 - -7. Calculate the greatest common factor of f and v.
4
Let b(a) = -2*a + 12. Let k be b(0). Let g(m) = 3*m**2 + m - 1. Let s be g(1). Suppose -9 = -s*h + 3. What is the highest common divisor of k and h?
4
Let x be (-25)/(-4) - 1/4. Suppose -4*l = 5*l - 54. Calculate the highest common divisor of x and l.
6
Suppose n = 132 + 93. Suppose -3*z = 6*z - 225. What is the greatest common factor of n and z?
25
Suppose 3*d + 17 = -265. Let b = -34 - d. Calculate the highest common factor of 24 and b.
12
Let r be (-13 + 3)/(-6 - -8). Let c = 12 + r. Calculate the greatest common factor of 77 and c.
7
Let a = -410 + 431. Calculate the greatest common factor of a and 81.
3
Suppose -5*q + 3*j = -611 -